{"id":434,"date":"2020-12-28T16:14:00","date_gmt":"2020-12-28T16:14:00","guid":{"rendered":"https:\/\/host-105329.webhosting.magentabusiness.at\/sys\/?page_id=434"},"modified":"2026-02-15T18:16:19","modified_gmt":"2026-02-15T18:16:19","slug":"hr-instrumente","status":"publish","type":"page","link":"https:\/\/systempaedagogik.at\/index.php\/hr-instrumente\/","title":{"rendered":"HR Instrumente"},"content":{"rendered":"\t\t<div data-elementor-type=\"wp-page\" data-elementor-id=\"434\" class=\"elementor elementor-434\" data-elementor-settings=\"[]\">\n\t\t\t\t\t\t<div class=\"elementor-inner\">\n\t\t\t\t\t\t\t<div class=\"elementor-section-wrap\">\n\t\t\t\t\t\t\t<section class=\"elementor-section elementor-top-section elementor-element elementor-element-369a89fe elementor-section-full_width elementor-section-stretched elementor-section-height-default elementor-section-height-default\" data-id=\"369a89fe\" data-element_type=\"section\" data-settings=\"{&quot;stretch_section&quot;:&quot;section-stretched&quot;}\">\n\t\t\t\t\t\t<div class=\"elementor-container elementor-column-gap-no\">\n\t\t\t\t\t\t\t<div class=\"elementor-row\">\n\t\t\t\t\t<div class=\"elementor-column elementor-col-100 elementor-top-column elementor-element elementor-element-188513a4\" data-id=\"188513a4\" data-element_type=\"column\">\n\t\t\t<div class=\"elementor-column-wrap elementor-element-populated\">\n\t\t\t\t\t\t\t<div class=\"elementor-widget-wrap\">\n\t\t\t\t\t\t<div class=\"elementor-element elementor-element-608bbae5 elementor-widget elementor-widget-image\" data-id=\"608bbae5\" data-element_type=\"widget\" data-widget_type=\"image.default\">\n\t\t\t\t<div class=\"elementor-widget-container\">\n\t\t\t\t\t\t\t\t<div class=\"elementor-image\">\n\t\t\t\t\t\t\t\t\t\t\t\t<img decoding=\"async\" src=\"https:\/\/host-105329.webhosting.magentabusiness.at\/sys\/wp-content\/uploads\/2021\/02\/Header_Angi_Zeichenflaeche-1-Kopie-3.jpg\" title=\"\" alt=\"\" \/>\t\t\t\t\t\t\t\t\t\t\t\t\t\t<\/div>\n\t\t\t\t\t\t<\/div>\n\t\t\t\t<\/div>\n\t\t\t\t<div class=\"elementor-element elementor-element-38c23f57 elementor-widget elementor-widget-spacer\" data-id=\"38c23f57\" data-element_type=\"widget\" data-widget_type=\"spacer.default\">\n\t\t\t\t<div class=\"elementor-widget-container\">\n\t\t\t\t\t<div class=\"elementor-spacer\">\n\t\t\t<div class=\"elementor-spacer-inner\"><\/div>\n\t\t<\/div>\n\t\t\t\t<\/div>\n\t\t\t\t<\/div>\n\t\t\t\t\t\t<\/div>\n\t\t\t\t\t<\/div>\n\t\t<\/div>\n\t\t\t\t\t\t\t\t<\/div>\n\t\t\t\t\t<\/div>\n\t\t<\/section>\n\t\t\t\t<section class=\"elementor-section elementor-top-section elementor-element elementor-element-1d195ff elementor-section-boxed elementor-section-height-default elementor-section-height-default\" data-id=\"1d195ff\" data-element_type=\"section\">\n\t\t\t\t\t\t<div class=\"elementor-container elementor-column-gap-default\">\n\t\t\t\t\t\t\t<div class=\"elementor-row\">\n\t\t\t\t\t<div class=\"elementor-column elementor-col-100 elementor-top-column elementor-element elementor-element-88ae4b2\" data-id=\"88ae4b2\" data-element_type=\"column\">\n\t\t\t<div class=\"elementor-column-wrap elementor-element-populated\">\n\t\t\t\t\t\t\t<div class=\"elementor-widget-wrap\">\n\t\t\t\t\t\t<div class=\"elementor-element elementor-element-98dfb10 elementor-widget elementor-widget-spacer\" data-id=\"98dfb10\" data-element_type=\"widget\" data-widget_type=\"spacer.default\">\n\t\t\t\t<div class=\"elementor-widget-container\">\n\t\t\t\t\t<div class=\"elementor-spacer\">\n\t\t\t<div class=\"elementor-spacer-inner\"><\/div>\n\t\t<\/div>\n\t\t\t\t<\/div>\n\t\t\t\t<\/div>\n\t\t\t\t\t\t<\/div>\n\t\t\t\t\t<\/div>\n\t\t<\/div>\n\t\t\t\t\t\t\t\t<\/div>\n\t\t\t\t\t<\/div>\n\t\t<\/section>\n\t\t\t\t<section class=\"elementor-section elementor-top-section elementor-element elementor-element-6bb9c0a elementor-section-boxed elementor-section-height-default elementor-section-height-default\" data-id=\"6bb9c0a\" data-element_type=\"section\">\n\t\t\t\t\t\t<div class=\"elementor-container elementor-column-gap-default\">\n\t\t\t\t\t\t\t<div class=\"elementor-row\">\n\t\t\t\t\t<div class=\"elementor-column elementor-col-50 elementor-top-column elementor-element elementor-element-47c4d53\" data-id=\"47c4d53\" data-element_type=\"column\">\n\t\t\t<div class=\"elementor-column-wrap elementor-element-populated\">\n\t\t\t\t\t\t\t<div class=\"elementor-widget-wrap\">\n\t\t\t\t\t\t<div class=\"elementor-element elementor-element-41b75ad elementor-widget elementor-widget-image\" data-id=\"41b75ad\" data-element_type=\"widget\" data-widget_type=\"image.default\">\n\t\t\t\t<div class=\"elementor-widget-container\">\n\t\t\t\t\t\t\t\t<div class=\"elementor-image\">\n\t\t\t\t\t\t\t\t\t\t\t\t<img decoding=\"async\" src=\"https:\/\/systempaedagogik.at\/wp-content\/uploads\/2021\/12\/20211231_175654.jpg\" title=\"\" alt=\"\" \/>\t\t\t\t\t\t\t\t\t\t\t\t\t\t<\/div>\n\t\t\t\t\t\t<\/div>\n\t\t\t\t<\/div>\n\t\t\t\t\t\t<\/div>\n\t\t\t\t\t<\/div>\n\t\t<\/div>\n\t\t\t\t<div class=\"elementor-column elementor-col-50 elementor-top-column elementor-element elementor-element-6d16529\" data-id=\"6d16529\" data-element_type=\"column\">\n\t\t\t<div class=\"elementor-column-wrap elementor-element-populated\">\n\t\t\t\t\t\t\t<div class=\"elementor-widget-wrap\">\n\t\t\t\t\t\t<div class=\"elementor-element elementor-element-a726bbe elementor-widget elementor-widget-testimonial\" data-id=\"a726bbe\" data-element_type=\"widget\" data-widget_type=\"testimonial.default\">\n\t\t\t\t<div class=\"elementor-widget-container\">\n\t\t\t\t\t<div class=\"elementor-testimonial-wrapper\">\n\t\t\t\t\t\t\t<div class=\"elementor-testimonial-content\">\"Das Wissen hat nur dadurch Wert, dass es einen Beitrag liefert zur allseitigen Entfaltung der ganzen Menschennatur.\"<\/div>\n\t\t\t\n\t\t\t\t\t\t<div class=\"elementor-testimonial-meta elementor-has-image elementor-testimonial-image-position-aside\">\n\t\t\t\t<div class=\"elementor-testimonial-meta-inner\">\n\t\t\t\t\t\t\t\t\t\t\t<div class=\"elementor-testimonial-image\">\n\t\t\t\t\t\t\t<img decoding=\"async\" width=\"278\" height=\"148\" src=\"https:\/\/systempaedagogik.at\/wp-content\/uploads\/2020\/12\/Syspaed-Logo-klein.jpg\" class=\"attachment-full size-full\" alt=\"\" \/>\t\t\t\t\t\t<\/div>\n\t\t\t\t\t\n\t\t\t\t\t\t\t\t\t\t<div class=\"elementor-testimonial-details\">\n\t\t\t\t\t\t\t\t\t\t\t\t\t\t<div class=\"elementor-testimonial-name\">Rudolf Steiner<\/div>\n\t\t\t\t\t\t\t\t\t\t\t\t\t\t\t\t\t\t\t\t\t\t<div class=\"elementor-testimonial-job\">Philosoph<\/div>\n\t\t\t\t\t\t\t\t\t\t\t\t\t<\/div>\n\t\t\t\t\t\t\t\t\t<\/div>\n\t\t\t<\/div>\n\t\t\t\t\t<\/div>\n\t\t\t\t<\/div>\n\t\t\t\t<\/div>\n\t\t\t\t\t\t<\/div>\n\t\t\t\t\t<\/div>\n\t\t<\/div>\n\t\t\t\t\t\t\t\t<\/div>\n\t\t\t\t\t<\/div>\n\t\t<\/section>\n\t\t\t\t<section class=\"elementor-section elementor-top-section elementor-element elementor-element-8d888b0 elementor-section-boxed elementor-section-height-default elementor-section-height-default\" data-id=\"8d888b0\" data-element_type=\"section\">\n\t\t\t\t\t\t<div class=\"elementor-container elementor-column-gap-default\">\n\t\t\t\t\t\t\t<div class=\"elementor-row\">\n\t\t\t\t\t<div class=\"elementor-column elementor-col-100 elementor-top-column elementor-element elementor-element-a1be7c8\" data-id=\"a1be7c8\" data-element_type=\"column\">\n\t\t\t<div class=\"elementor-column-wrap elementor-element-populated\">\n\t\t\t\t\t\t\t<div class=\"elementor-widget-wrap\">\n\t\t\t\t\t\t<div class=\"elementor-element elementor-element-3615f43 elementor-widget elementor-widget-spacer\" data-id=\"3615f43\" data-element_type=\"widget\" data-widget_type=\"spacer.default\">\n\t\t\t\t<div class=\"elementor-widget-container\">\n\t\t\t\t\t<div class=\"elementor-spacer\">\n\t\t\t<div class=\"elementor-spacer-inner\"><\/div>\n\t\t<\/div>\n\t\t\t\t<\/div>\n\t\t\t\t<\/div>\n\t\t\t\t\t\t<\/div>\n\t\t\t\t\t<\/div>\n\t\t<\/div>\n\t\t\t\t\t\t\t\t<\/div>\n\t\t\t\t\t<\/div>\n\t\t<\/section>\n\t\t\t\t<section class=\"elementor-section elementor-top-section elementor-element elementor-element-adef95e elementor-section-boxed elementor-section-height-default elementor-section-height-default\" data-id=\"adef95e\" data-element_type=\"section\">\n\t\t\t\t\t\t<div class=\"elementor-container elementor-column-gap-default\">\n\t\t\t\t\t\t\t<div class=\"elementor-row\">\n\t\t\t\t\t<div class=\"elementor-column elementor-col-100 elementor-top-column elementor-element elementor-element-3d98205\" data-id=\"3d98205\" data-element_type=\"column\">\n\t\t\t<div class=\"elementor-column-wrap elementor-element-populated\">\n\t\t\t\t\t\t\t<div class=\"elementor-widget-wrap\">\n\t\t\t\t\t\t<div class=\"elementor-element elementor-element-9346320 elementor-widget elementor-widget-heading\" data-id=\"9346320\" data-element_type=\"widget\" data-widget_type=\"heading.default\">\n\t\t\t\t<div class=\"elementor-widget-container\">\n\t\t\t<h2 class=\"elementor-heading-title elementor-size-default\">HR Instrumente<\/h2>\t\t<\/div>\n\t\t\t\t<\/div>\n\t\t\t\t<div class=\"elementor-element elementor-element-f3c7a66 elementor-widget elementor-widget-text-editor\" data-id=\"f3c7a66\" data-element_type=\"widget\" data-widget_type=\"text-editor.default\">\n\t\t\t\t<div class=\"elementor-widget-container\">\n\t\t\t\t\t\t\t\t<div class=\"elementor-text-editor elementor-clearfix\">\n\t\t\t\t<p><span style=\"color: #000000; font-size: 14px;\">Da in jeder Organisation der Mensch in seiner Einzigartigkeit und seinem Grundwert von zentraler Bedeutung sein sollte, verwenden wir gerne &#8222;Human Value&#8220; statt HR. Menschenw\u00fcrde und\u00a0 Wertsch\u00e4tzung jedes einzelnen Beteiligten ist f\u00fcr uns die Basis f\u00fcr die Anwendung der HV-Instrumente. Nur wenn Wert, W\u00fcrde und Sinnorientierung erkannt und aktiviert werden, entfalten HV-Instrumente ihre konstruktive Wirkung f\u00fcr die &#8222;LEISTUNGSGEMEINSCHAFT UNTERNEHMEN&#8220;.<\/span><\/p>\t\t\t\t\t<\/div>\n\t\t\t\t\t\t<\/div>\n\t\t\t\t<\/div>\n\t\t\t\t\t\t<\/div>\n\t\t\t\t\t<\/div>\n\t\t<\/div>\n\t\t\t\t\t\t\t\t<\/div>\n\t\t\t\t\t<\/div>\n\t\t<\/section>\n\t\t\t\t<section class=\"elementor-section elementor-top-section elementor-element elementor-element-308e761 elementor-section-boxed elementor-section-height-default elementor-section-height-default\" data-id=\"308e761\" data-element_type=\"section\">\n\t\t\t\t\t\t<div class=\"elementor-container elementor-column-gap-default\">\n\t\t\t\t\t\t\t<div class=\"elementor-row\">\n\t\t\t\t\t<div class=\"elementor-column elementor-col-100 elementor-top-column elementor-element elementor-element-7117fce\" data-id=\"7117fce\" data-element_type=\"column\">\n\t\t\t<div class=\"elementor-column-wrap elementor-element-populated\">\n\t\t\t\t\t\t\t<div class=\"elementor-widget-wrap\">\n\t\t\t\t\t\t<div class=\"elementor-element elementor-element-3f6150f elementor-widget elementor-widget-heading\" data-id=\"3f6150f\" data-element_type=\"widget\" data-widget_type=\"heading.default\">\n\t\t\t\t<div class=\"elementor-widget-container\">\n\t\t\t<h2 class=\"elementor-heading-title elementor-size-default\">Unsere Begleitungsangebote<\/h2>\t\t<\/div>\n\t\t\t\t<\/div>\n\t\t\t\t<div class=\"elementor-element elementor-element-01a01e9 elementor-widget elementor-widget-text-editor\" data-id=\"01a01e9\" data-element_type=\"widget\" data-widget_type=\"text-editor.default\">\n\t\t\t\t<div class=\"elementor-widget-container\">\n\t\t\t\t\t\t\t\t<div class=\"elementor-text-editor elementor-clearfix\">\n\t\t\t\t<p><span style=\"color: #000000; font-family: Helvetica, sans-serif; font-size: 14px; font-style: normal; font-variant-ligatures: normal; font-variant-caps: normal; font-weight: 400;\">Wir unterst\u00fctzen Organisationen dabei die passenden HV-Instrumente zu definieren, individuell zu entwickeln und bedarfsgerecht zu implementieren. Wir begleiten bei der Entwicklung und Durchf\u00fchrung von Personalentwicklungsma\u00dfnahmen. Der Auf- und Ausbau von Unternehmensakademien und die Konzeption und Durchf\u00fchrung anspruchsvoller Personalentwicklungskonzepte wurde von uns bereits schon mehrfach begleitet. <\/span><\/p><p><a href=\"https:\/\/systempaedagogik.at\/index.php\/kontakt\/\"><strong>Wir sind gerne engagierter Entwicklungspartner ihrer HR Abteilung und freuen uns auf ihre Kontaktaufnahme.<\/strong><\/a><\/p>\t\t\t\t\t<\/div>\n\t\t\t\t\t\t<\/div>\n\t\t\t\t<\/div>\n\t\t\t\t\t\t<\/div>\n\t\t\t\t\t<\/div>\n\t\t<\/div>\n\t\t\t\t\t\t\t\t<\/div>\n\t\t\t\t\t<\/div>\n\t\t<\/section>\n\t\t\t\t<section class=\"elementor-section elementor-top-section elementor-element elementor-element-d268923 elementor-section-boxed elementor-section-height-default elementor-section-height-default\" data-id=\"d268923\" data-element_type=\"section\">\n\t\t\t\t\t\t<div class=\"elementor-container elementor-column-gap-default\">\n\t\t\t\t\t\t\t<div class=\"elementor-row\">\n\t\t\t\t\t<div class=\"elementor-column elementor-col-100 elementor-top-column elementor-element elementor-element-aceda00\" data-id=\"aceda00\" data-element_type=\"column\">\n\t\t\t<div class=\"elementor-column-wrap elementor-element-populated\">\n\t\t\t\t\t\t\t<div class=\"elementor-widget-wrap\">\n\t\t\t\t\t\t<div class=\"elementor-element elementor-element-b7b1299 elementor-widget elementor-widget-spacer\" data-id=\"b7b1299\" data-element_type=\"widget\" data-widget_type=\"spacer.default\">\n\t\t\t\t<div class=\"elementor-widget-container\">\n\t\t\t\t\t<div class=\"elementor-spacer\">\n\t\t\t<div class=\"elementor-spacer-inner\"><\/div>\n\t\t<\/div>\n\t\t\t\t<\/div>\n\t\t\t\t<\/div>\n\t\t\t\t\t\t<\/div>\n\t\t\t\t\t<\/div>\n\t\t<\/div>\n\t\t\t\t\t\t\t\t<\/div>\n\t\t\t\t\t<\/div>\n\t\t<\/section>\n\t\t\t\t<section class=\"elementor-section elementor-top-section elementor-element elementor-element-5e4e1a8 elementor-section-boxed elementor-section-height-default elementor-section-height-default\" data-id=\"5e4e1a8\" data-element_type=\"section\">\n\t\t\t\t\t\t<div class=\"elementor-container elementor-column-gap-default\">\n\t\t\t\t\t\t\t<div class=\"elementor-row\">\n\t\t\t\t\t<div class=\"elementor-column elementor-col-100 elementor-top-column elementor-element elementor-element-ae1fb06\" data-id=\"ae1fb06\" data-element_type=\"column\">\n\t\t\t<div class=\"elementor-column-wrap elementor-element-populated\">\n\t\t\t\t\t\t\t<div class=\"elementor-widget-wrap\">\n\t\t\t\t\t\t<div class=\"elementor-element elementor-element-5634234 elementor-widget elementor-widget-spacer\" data-id=\"5634234\" data-element_type=\"widget\" data-widget_type=\"spacer.default\">\n\t\t\t\t<div class=\"elementor-widget-container\">\n\t\t\t\t\t<div class=\"elementor-spacer\">\n\t\t\t<div class=\"elementor-spacer-inner\"><\/div>\n\t\t<\/div>\n\t\t\t\t<\/div>\n\t\t\t\t<\/div>\n\t\t\t\t\t\t<\/div>\n\t\t\t\t\t<\/div>\n\t\t<\/div>\n\t\t\t\t\t\t\t\t<\/div>\n\t\t\t\t\t<\/div>\n\t\t<\/section>\n\t\t\t\t<section class=\"elementor-section elementor-top-section elementor-element elementor-element-4835cd4 elementor-section-boxed elementor-section-height-default elementor-section-height-default\" data-id=\"4835cd4\" data-element_type=\"section\">\n\t\t\t\t\t\t<div class=\"elementor-container elementor-column-gap-default\">\n\t\t\t\t\t\t\t<div class=\"elementor-row\">\n\t\t\t\t\t<div class=\"elementor-column elementor-col-100 elementor-top-column elementor-element elementor-element-2940ee58\" data-id=\"2940ee58\" data-element_type=\"column\">\n\t\t\t<div class=\"elementor-column-wrap elementor-element-populated\">\n\t\t\t\t\t\t\t<div class=\"elementor-widget-wrap\">\n\t\t\t\t\t\t<div class=\"elementor-element elementor-element-6ff9f6a5 elementor-align-center elementor-widget elementor-widget-button\" data-id=\"6ff9f6a5\" data-element_type=\"widget\" data-widget_type=\"button.default\">\n\t\t\t\t<div class=\"elementor-widget-container\">\n\t\t\t\t\t<div class=\"elementor-button-wrapper\">\n\t\t\t<a href=\"https:\/\/systempaedagogik.at\/index.php\/kontakt\/\" class=\"elementor-button-link elementor-button elementor-size-sm\" role=\"button\">\n\t\t\t\t\t\t<span class=\"elementor-button-content-wrapper\">\n\t\t\t\t\t\t<span class=\"elementor-button-text\">Anfrage f\u00fcr ein kostenloses Erstgespr\u00e4ch<\/span>\n\t\t<\/span>\n\t\t\t\t\t<\/a>\n\t\t<\/div>\n\t\t\t\t<\/div>\n\t\t\t\t<\/div>\n\t\t\t\t\t\t<\/div>\n\t\t\t\t\t<\/div>\n\t\t<\/div>\n\t\t\t\t\t\t\t\t<\/div>\n\t\t\t\t\t<\/div>\n\t\t<\/section>\n\t\t\t\t\t\t<\/div>\n\t\t\t\t\t\t<\/div>\n\t\t\t\t\t<\/div>\n\t\t","protected":false},"excerpt":{"rendered":"<p>&#8222;Das Wissen hat nur dadurch Wert, dass es einen Beitrag liefert zur allseitigen Entfaltung der ganzen Menschennatur.&#8220; Rudolf Steiner Philosoph HR Instrumente Da in jeder Organisation der Mensch in seiner Einzigartigkeit und seinem Grundwert von zentraler Bedeutung sein sollte, verwenden wir gerne &#8222;Human Value&#8220; statt HR. Menschenw\u00fcrde und\u00a0 Wertsch\u00e4tzung jedes einzelnen Beteiligten ist f\u00fcr uns [&hellip;]<\/p>\n","protected":false},"author":1,"featured_media":0,"parent":0,"menu_order":0,"comment_status":"closed","ping_status":"closed","template":"","meta":{"footnotes":""},"class_list":["post-434","page","type-page","status-publish","hentry","entry"],"yoast_head":"<!-- This site is optimized with the Yoast SEO plugin v27.4 - https:\/\/yoast.com\/product\/yoast-seo-wordpress\/ -->\n<title>HR Instrumente - Institut f\u00fcr Systemp\u00e4dagogik und Personalmanagement GmbH<\/title>\n<meta name=\"robots\" content=\"index, follow, max-snippet:-1, max-image-preview:large, max-video-preview:-1\" \/>\n<link rel=\"canonical\" href=\"https:\/\/systempaedagogik.at\/index.php\/hr-instrumente\/\" \/>\n<meta property=\"og:locale\" content=\"de_DE\" \/>\n<meta property=\"og:type\" content=\"article\" \/>\n<meta property=\"og:title\" content=\"HR Instrumente - Institut f\u00fcr Systemp\u00e4dagogik und Personalmanagement GmbH\" \/>\n<meta property=\"og:description\" content=\"&#8222;Das Wissen hat nur dadurch Wert, dass es einen Beitrag liefert zur allseitigen Entfaltung der ganzen Menschennatur.&#8220; Rudolf Steiner Philosoph HR Instrumente Da in jeder Organisation der Mensch in seiner Einzigartigkeit und seinem Grundwert von zentraler Bedeutung sein sollte, verwenden wir gerne &#8222;Human Value&#8220; statt HR. Menschenw\u00fcrde und\u00a0 Wertsch\u00e4tzung jedes einzelnen Beteiligten ist f\u00fcr uns [&hellip;]\" \/>\n<meta property=\"og:url\" content=\"https:\/\/systempaedagogik.at\/index.php\/hr-instrumente\/\" \/>\n<meta property=\"og:site_name\" content=\"Institut f\u00fcr Systemp\u00e4dagogik und Personalmanagement GmbH\" \/>\n<meta property=\"article:modified_time\" content=\"2026-02-15T18:16:19+00:00\" \/>\n<meta property=\"og:image\" content=\"https:\/\/host-105329.webhosting.magentabusiness.at\/sys\/wp-content\/uploads\/2021\/02\/Header_Angi_Zeichenflaeche-1-Kopie-3.jpg\" \/>\n<meta name=\"twitter:card\" content=\"summary_large_image\" \/>\n<meta name=\"twitter:label1\" content=\"Gesch\u00e4tzte Lesezeit\" \/>\n\t<meta name=\"twitter:data1\" content=\"2\u00a0Minuten\" \/>\n<script type=\"application\/ld+json\" class=\"yoast-schema-graph\">{\"@context\":\"https:\\\/\\\/schema.org\",\"@graph\":[{\"@type\":\"WebPage\",\"@id\":\"https:\\\/\\\/systempaedagogik.at\\\/index.php\\\/hr-instrumente\\\/\",\"url\":\"https:\\\/\\\/systempaedagogik.at\\\/index.php\\\/hr-instrumente\\\/\",\"name\":\"HR Instrumente - Institut f\u00fcr Systemp\u00e4dagogik und Personalmanagement GmbH\",\"isPartOf\":{\"@id\":\"https:\\\/\\\/systempaedagogik.at\\\/#website\"},\"primaryImageOfPage\":{\"@id\":\"https:\\\/\\\/systempaedagogik.at\\\/index.php\\\/hr-instrumente\\\/#primaryimage\"},\"image\":{\"@id\":\"https:\\\/\\\/systempaedagogik.at\\\/index.php\\\/hr-instrumente\\\/#primaryimage\"},\"thumbnailUrl\":\"https:\\\/\\\/host-105329.webhosting.magentabusiness.at\\\/sys\\\/wp-content\\\/uploads\\\/2021\\\/02\\\/Header_Angi_Zeichenflaeche-1-Kopie-3.jpg\",\"datePublished\":\"2020-12-28T16:14:00+00:00\",\"dateModified\":\"2026-02-15T18:16:19+00:00\",\"breadcrumb\":{\"@id\":\"https:\\\/\\\/systempaedagogik.at\\\/index.php\\\/hr-instrumente\\\/#breadcrumb\"},\"inLanguage\":\"de\",\"potentialAction\":[{\"@type\":\"ReadAction\",\"target\":[\"https:\\\/\\\/systempaedagogik.at\\\/index.php\\\/hr-instrumente\\\/\"]}]},{\"@type\":\"ImageObject\",\"inLanguage\":\"de\",\"@id\":\"https:\\\/\\\/systempaedagogik.at\\\/index.php\\\/hr-instrumente\\\/#primaryimage\",\"url\":\"https:\\\/\\\/host-105329.webhosting.magentabusiness.at\\\/sys\\\/wp-content\\\/uploads\\\/2021\\\/02\\\/Header_Angi_Zeichenflaeche-1-Kopie-3.jpg\",\"contentUrl\":\"https:\\\/\\\/host-105329.webhosting.magentabusiness.at\\\/sys\\\/wp-content\\\/uploads\\\/2021\\\/02\\\/Header_Angi_Zeichenflaeche-1-Kopie-3.jpg\"},{\"@type\":\"BreadcrumbList\",\"@id\":\"https:\\\/\\\/systempaedagogik.at\\\/index.php\\\/hr-instrumente\\\/#breadcrumb\",\"itemListElement\":[{\"@type\":\"ListItem\",\"position\":1,\"name\":\"Startseite\",\"item\":\"https:\\\/\\\/systempaedagogik.at\\\/\"},{\"@type\":\"ListItem\",\"position\":2,\"name\":\"HR Instrumente\"}]},{\"@type\":\"WebSite\",\"@id\":\"https:\\\/\\\/systempaedagogik.at\\\/#website\",\"url\":\"https:\\\/\\\/systempaedagogik.at\\\/\",\"name\":\"Institut f\u00fcr Systemp\u00e4dagogik und Personalmanagement GmbH\",\"description\":\"\",\"publisher\":{\"@id\":\"https:\\\/\\\/systempaedagogik.at\\\/#organization\"},\"potentialAction\":[{\"@type\":\"SearchAction\",\"target\":{\"@type\":\"EntryPoint\",\"urlTemplate\":\"https:\\\/\\\/systempaedagogik.at\\\/?s={search_term_string}\"},\"query-input\":{\"@type\":\"PropertyValueSpecification\",\"valueRequired\":true,\"valueName\":\"search_term_string\"}}],\"inLanguage\":\"de\"},{\"@type\":\"Organization\",\"@id\":\"https:\\\/\\\/systempaedagogik.at\\\/#organization\",\"name\":\"Institut f\u00fcr Systemp\u00e4dagogik\",\"url\":\"https:\\\/\\\/systempaedagogik.at\\\/\",\"logo\":{\"@type\":\"ImageObject\",\"inLanguage\":\"de\",\"@id\":\"https:\\\/\\\/systempaedagogik.at\\\/#\\\/schema\\\/logo\\\/image\\\/\",\"url\":\"https:\\\/\\\/systempaedagogik.at\\\/wp-content\\\/uploads\\\/2020\\\/12\\\/cropped-Syspaed-Logo-klein.jpg\",\"contentUrl\":\"https:\\\/\\\/systempaedagogik.at\\\/wp-content\\\/uploads\\\/2020\\\/12\\\/cropped-Syspaed-Logo-klein.jpg\",\"width\":2000,\"height\":1198,\"caption\":\"Institut f\u00fcr Systemp\u00e4dagogik\"},\"image\":{\"@id\":\"https:\\\/\\\/systempaedagogik.at\\\/#\\\/schema\\\/logo\\\/image\\\/\"}}]}<\/script>\n<!-- \/ Yoast SEO plugin. -->","yoast_head_json":{"title":"HR Instrumente - Institut f\u00fcr Systemp\u00e4dagogik und Personalmanagement GmbH","robots":{"index":"index","follow":"follow","max-snippet":"max-snippet:-1","max-image-preview":"max-image-preview:large","max-video-preview":"max-video-preview:-1"},"canonical":"https:\/\/systempaedagogik.at\/index.php\/hr-instrumente\/","og_locale":"de_DE","og_type":"article","og_title":"HR Instrumente - Institut f\u00fcr Systemp\u00e4dagogik und Personalmanagement GmbH","og_description":"&#8222;Das Wissen hat nur dadurch Wert, dass es einen Beitrag liefert zur allseitigen Entfaltung der ganzen Menschennatur.&#8220; Rudolf Steiner Philosoph HR Instrumente Da in jeder Organisation der Mensch in seiner Einzigartigkeit und seinem Grundwert von zentraler Bedeutung sein sollte, verwenden wir gerne &#8222;Human Value&#8220; statt HR. Menschenw\u00fcrde und\u00a0 Wertsch\u00e4tzung jedes einzelnen Beteiligten ist f\u00fcr uns [&hellip;]","og_url":"https:\/\/systempaedagogik.at\/index.php\/hr-instrumente\/","og_site_name":"Institut f\u00fcr Systemp\u00e4dagogik und Personalmanagement GmbH","article_modified_time":"2026-02-15T18:16:19+00:00","og_image":[{"url":"https:\/\/host-105329.webhosting.magentabusiness.at\/sys\/wp-content\/uploads\/2021\/02\/Header_Angi_Zeichenflaeche-1-Kopie-3.jpg","type":"","width":"","height":""}],"twitter_card":"summary_large_image","twitter_misc":{"Gesch\u00e4tzte Lesezeit":"2\u00a0Minuten"},"schema":{"@context":"https:\/\/schema.org","@graph":[{"@type":"WebPage","@id":"https:\/\/systempaedagogik.at\/index.php\/hr-instrumente\/","url":"https:\/\/systempaedagogik.at\/index.php\/hr-instrumente\/","name":"HR Instrumente - Institut f\u00fcr Systemp\u00e4dagogik und Personalmanagement GmbH","isPartOf":{"@id":"https:\/\/systempaedagogik.at\/#website"},"primaryImageOfPage":{"@id":"https:\/\/systempaedagogik.at\/index.php\/hr-instrumente\/#primaryimage"},"image":{"@id":"https:\/\/systempaedagogik.at\/index.php\/hr-instrumente\/#primaryimage"},"thumbnailUrl":"https:\/\/host-105329.webhosting.magentabusiness.at\/sys\/wp-content\/uploads\/2021\/02\/Header_Angi_Zeichenflaeche-1-Kopie-3.jpg","datePublished":"2020-12-28T16:14:00+00:00","dateModified":"2026-02-15T18:16:19+00:00","breadcrumb":{"@id":"https:\/\/systempaedagogik.at\/index.php\/hr-instrumente\/#breadcrumb"},"inLanguage":"de","potentialAction":[{"@type":"ReadAction","target":["https:\/\/systempaedagogik.at\/index.php\/hr-instrumente\/"]}]},{"@type":"ImageObject","inLanguage":"de","@id":"https:\/\/systempaedagogik.at\/index.php\/hr-instrumente\/#primaryimage","url":"https:\/\/host-105329.webhosting.magentabusiness.at\/sys\/wp-content\/uploads\/2021\/02\/Header_Angi_Zeichenflaeche-1-Kopie-3.jpg","contentUrl":"https:\/\/host-105329.webhosting.magentabusiness.at\/sys\/wp-content\/uploads\/2021\/02\/Header_Angi_Zeichenflaeche-1-Kopie-3.jpg"},{"@type":"BreadcrumbList","@id":"https:\/\/systempaedagogik.at\/index.php\/hr-instrumente\/#breadcrumb","itemListElement":[{"@type":"ListItem","position":1,"name":"Startseite","item":"https:\/\/systempaedagogik.at\/"},{"@type":"ListItem","position":2,"name":"HR Instrumente"}]},{"@type":"WebSite","@id":"https:\/\/systempaedagogik.at\/#website","url":"https:\/\/systempaedagogik.at\/","name":"Institut f\u00fcr Systemp\u00e4dagogik und Personalmanagement GmbH","description":"","publisher":{"@id":"https:\/\/systempaedagogik.at\/#organization"},"potentialAction":[{"@type":"SearchAction","target":{"@type":"EntryPoint","urlTemplate":"https:\/\/systempaedagogik.at\/?s={search_term_string}"},"query-input":{"@type":"PropertyValueSpecification","valueRequired":true,"valueName":"search_term_string"}}],"inLanguage":"de"},{"@type":"Organization","@id":"https:\/\/systempaedagogik.at\/#organization","name":"Institut f\u00fcr Systemp\u00e4dagogik","url":"https:\/\/systempaedagogik.at\/","logo":{"@type":"ImageObject","inLanguage":"de","@id":"https:\/\/systempaedagogik.at\/#\/schema\/logo\/image\/","url":"https:\/\/systempaedagogik.at\/wp-content\/uploads\/2020\/12\/cropped-Syspaed-Logo-klein.jpg","contentUrl":"https:\/\/systempaedagogik.at\/wp-content\/uploads\/2020\/12\/cropped-Syspaed-Logo-klein.jpg","width":2000,"height":1198,"caption":"Institut f\u00fcr Systemp\u00e4dagogik"},"image":{"@id":"https:\/\/systempaedagogik.at\/#\/schema\/logo\/image\/"}}]}},"_links":{"self":[{"href":"https:\/\/systempaedagogik.at\/index.php\/wp-json\/wp\/v2\/pages\/434","targetHints":{"allow":["GET"]}}],"collection":[{"href":"https:\/\/systempaedagogik.at\/index.php\/wp-json\/wp\/v2\/pages"}],"about":[{"href":"https:\/\/systempaedagogik.at\/index.php\/wp-json\/wp\/v2\/types\/page"}],"author":[{"embeddable":true,"href":"https:\/\/systempaedagogik.at\/index.php\/wp-json\/wp\/v2\/users\/1"}],"replies":[{"embeddable":true,"href":"https:\/\/systempaedagogik.at\/index.php\/wp-json\/wp\/v2\/comments?post=434"}],"version-history":[{"count":232,"href":"https:\/\/systempaedagogik.at\/index.php\/wp-json\/wp\/v2\/pages\/434\/revisions"}],"predecessor-version":[{"id":11092,"href":"https:\/\/systempaedagogik.at\/index.php\/wp-json\/wp\/v2\/pages\/434\/revisions\/11092"}],"wp:attachment":[{"href":"https:\/\/systempaedagogik.at\/index.php\/wp-json\/wp\/v2\/media?parent=434"}],"curies":[{"name":"wp","href":"https:\/\/api.w.org\/{rel}","templated":true}]}}